e remainder when 235 is divided by 123?
112
Calculate the remainder when 412 is divided by 23.
21
Calculate the remainder when 736 is divided by 34.
22
Calculate the remainder when 91 is divided by 42.
7
What is the remainder when 525 is divided by 519?
6
What is the remainder when 273 is divided by 41?
27
What is the remainder when 51 is divided by 47?
4
Calculate the remainder when 88 is divided by 56.
32
Calculate the remainder when 312 is divided by 45.
42
What is the remainder when 120 is divided by 53?
14
What is the remainder when 233 is divided by 73?
14
Calculate the remainder when 586 is divided by 21.
19
What is the remainder when 524 is divided by 117?
56
What is the remainder when 617 is divided by 31?
28
Calculate the remainder when 262 is divided by 118.
26
Calculate the remainder when 692 is divided by 165.
32
Calculate the remainder when 2580 is divided by 34.
30
What is the remainder when 140 is divided by 37?
29
Calculate the remainder when 2277 is divided by 19.
16
What is the remainder when 173 is divided by 37?
25
What is the remainder when 225 is divided by 31?
8
Calculate the remainder when 857 is divided by 33.
32
What is the remainder when 5485 is divided by 609?
4
What is the remainder when 26559 is divided by 166?
165
Calculate the remainder when 2515 is divided by 13.
6
What is the remainder when 324 is divided by 25?
24
Calculate the remainder when 534 is divided by 4.
2
Calculate the remainder when 282 is divided by 73.
63
What is the remainder when 1750 is divided by 146?
144
Calculate the remainder when 130 is divided by 34.
28
What is the remainder when 1064 is divided by 320?
104
What is the remainder when 129 is divided by 29?
13
What is the remainder when 40 is divided by 17?
6
What is the remainder when 595 is divided by 44?
23
What is the remainder when 129 is divided by 1?
0
Calculate the remainder when 75 is divided by 61.
14
Calculate the remainder when 32 is divided by 12.
8
What is the remainder when 221 is divided by 12?
5
What is the remainder when 361 is divided by 131?
99
What is the remainder when 1609 is divided by 203?
188
Calculate the remainder when 205 is divided by 80.
45
What is the remainder when 178 is divided by 36?
34
What is the remainder when 6719 is divided by 269?
263
Calculate the remainder when 1045 is divided by 75.
70
Calculate the remainder when 658 is divided by 22.
20
What is the remainder when 672 is divided by 113?
107
Calculate the remainder when 717 is divided by 20.
17
Calculate the remainder when 4568 is divided by 1522.
2
What is the remainder when 6120 is divided by 13?
10
Calculate the remainder when 481 is divided by 152.
25
What is the remainder when 155 is divided by 53?
49
Calculate the remainder when 87 is divided by 81.
6
Calculate the remainder when 1188 is divided by 41.
40
What is the remainder when 223 is divided by 32?
31
Calculate the remainder when 319 is divided by 16.
15
What is the remainder when 325 is divided by 83?
76
Calculate the remainder when 319 is divided by 32.
31
Calculate the remainder when 3547 is divided by 53.
49
What is the remainder when 202 is divided by 47?
14
What is the remainder when 735 is divided by 123?
120
What is the remainder when 46 is divided by 40?
6
What is the remainder when 295 is divided by 102?
91
Calculate the remainder when 68 is divided by 30.
8
Calculate the remainder when 402 is divided by 196.
10
Calculate the remainder when 1576 is divided by 227.
214
What is the remainder when 3085 is divided by 16?
13
What is the remainder when 221 is divided by 69?
14
Calculate the remainder when 1045 is divided by 42.
37
What is the remainder when 760 is divided by 143?
45
Calculate the remainder when 40 is divided by 22.
18
Calculate the remainder when 1209 is divided by 178.
141
Calculate the remainder when 117 is divided by 18.
9
Calculate the remainder when 266 is divided by 25.
16
Calculate the remainder when 56 is divided by 23.
10
What is the remainder when 1013 is divided by 252?
5
What is the remainder when 1447 is divided by 1436?
11
Calculate the remainder when 430 is divided by 121.
67
What is the remainder when 3690 is divided by 1831?
28
What is the remainder when 53 is divided by 22?
9
Calculate the remainder when 225 is divided by 184.
41
Calculate the remainder when 839 is divided by 40.
39
Calculate the remainder when 1698 is divided by 63.
60
What is the remainder when 579 is divided by 11?
7
What is the remainder when 379 is divided by 93?
7
Calculate the remainder when 687 is divided by 115.
112
Calculate the remainder when 1781 is divided by 21.
17
What is the remainder when 3852 is divided by 768?
12
Calculate the remainder when 441 is divided by 26.
25
Calculate the remainder when 852 is divided by 275.
27
Calculate the remainder when 101 is divided by 44.
13
Calculate the remainder when 894 is divided by 18.
12
What is the remainder when 1426 is divided by 51?
49
What is the remainder when 236 is divided by 16?
12
Calculate the remainder when 6269 is divided by 17.
13
Calculate the remainder when 3371 is divided by 75.
71
What is the remainder when 38 is divided by 10?
8
Calculate the remainder when 790 is divided by 66.
64
Calculate the remainder when 2107 is divided by 10.
7
Calculate the remainder when 163 is divided by 34.
27
What is the remainder when 24615 is divided by 33?
30
Calculate the remainder when 68 is divided by 7.
5
Calculate the remainder when 1279 is divided by 187.
157
What is the remainder when 764 is divided by 382?
0
Calculate the remainder when 178 is divided by 20.
18
Calculate the remainder when 687 is divided by 139.
131
Calculate the remainder when 2683 is divided by 158.
155
Calculate the remainder when 311 is divided by 40.
31
Calculate the remainder when 7799 is divided by 150.
149
Calculate the remainder when 1666 is divided by 54.
46
Calculate the remainder when 10848 is divided by 25.
23
Calculate the remainder when 8975 is divided by 67.
64
Calculate the remainder when 129 is divided by 12.
9
Calculate the remainder when 186 is divided by 11.
10
Calculate the remainder when 80 is divided by 48.
32
Calculate the remainder when 375 is divided by 73.
10
Calculate the remainder when 488 is divided by 10.
8
What is the remainder when 39 is divided by 26?
13
Calculate the remainder when 330 is divided by 79.
14
What is the remainder when 288 is divided by 52?
28
What is the remainder when 147 is divided by 26?
17
Calculate the remainder when 18636 is divided by 20.
16
Calculate the remainder when 47 is divided by 38.
9
What is the remainder when 190 is divided by 32?
30
What is the remainder when 226 is divided by 59?
49
Calculate the remainder when 678 is divided by 71.
39
Calculate the remainder when 449 is divided by 45.
44
What is the remainder when 17404 is divided by 59?
58
What is the remainder when 8341 is divided by 27?
25
Calculate the remainder when 2241 is divided by 52.
5
What is the remainder when 68 is divided by 10?
8
Calculate the remainder when 3373 is divided by 308.
293
Calculate the remainder when 2831 is divided by 150.
131
Calculate the remainder when 847 is divided by 281.
4
What is the remainder when 1371 is divided by 58?
37
What is the remainder when 2118 is divided by 142?
130
What is the remainder when 631 is divided by 58?
51
What is the remainder when 414 is divided by 21?
15
Calculate the remainder when 155 is divided by 51.
2
Calculate the remainder when 268 is divided by 16.
12
Calculate the remainder when 41518 is divided by 240.
238
Calculate the remainder when 1744 is divided by 850.
44
Calculate the remainder when 1639 is divided by 138.
121
What is the remainder when 1019 is divided by 48?
11
Calculate the remainder when 945 is divided by 30.
15
Calculate the remainder when 122 is divided by 83.
39
What is the remainder when 1087 is divided by 39?
34
Calculate the remainder when 34 is divided by 15.
4
Calculate the remainder when 1205 is divided by 71.
69
Calculate the remainder when 2685 is divided by 112.
109
What is the remainder when 648 is divided by 207?
27
Calculate the remainder when 1418 is divided by 10.
8
What is the remainder when 9623 is divided by 24?
23
Calculate the remainder when 407 is divided by 59.
53
Wh